54520508?
True
Is 2461 a factor of 251421334?
False
Is 371211451 a multiple of 54?
False
Is 240 a factor of 4457760?
True
Is 251784137 a multiple of 676?
False
Is 1962465 a multiple of 9?
False
Does 225 divide 349795800?
True
Does 503 divide 66899?
True
Does 2238 divide 103815735?
False
Does 762 divide 671240466?
True
Is 123 a factor of 17275104?
True
Is 784 a factor of 5006505?
False
Does 3296 divide 270324736?
True
Is 76034880 a multiple of 16?
True
Is 7376043 a multiple of 178?
False
Is 35762535 a multiple of 333?
True
Does 5 divide 3586833?
False
Is 98 a factor of 2806690367?
False
Does 24 divide 125132682?
False
Does 174 divide 19676268?
True
Is 35 a factor of 308588245?
True
Is 149 a factor of 1291189208?
False
Is 710 a factor of 2909069?
False
Does 1026 divide 27960248?
False
Does 850 divide 652239850?
True
Does 32 divide 80875584?
True
Is 288314952 a multiple of 12136?
True
Does 13 divide 268210176?
True
Does 225 divide 102745528?
False
Does 5004 divide 1438745076?
True
Is 50 a factor of 48912000?
True
Does 511 divide 192213401?
False
Does 5762 divide 414708426?
True
Does 28 divide 104268472?
True
Does 303 divide 502429752?
True
Is 32264132 a multiple of 749?
False
Is 1103 a factor of 417580358?
True
Is 114 a factor of 13604282?
False
Does 27 divide 290741446?
False
Does 165 divide 183998635?
False
Is 741 a factor of 57811348?
False
Does 2 divide 15778118?
True
Is 12175320 a multiple of 2105?
True
Is 15 a factor of 5299833570?
True
Is 29 a factor of 173553400?
True
Is 30 a factor of 72942540?
True
Is 91436479 a multiple of 91?
False
Is 494838325 a multiple of 755?
True
Does 14 divide 1010674?
True
Does 110 divide 4671590?
True
Is 226523748 a multiple of 1229?
False
Is 227 a factor of 2480498?
False
Is 3096030 a multiple of 3?
True
Does 82 divide 151188375?
False
Is 12 a factor of 4168017?
False
Is 262 a factor of 19729648?
True
Is 4 a factor of 383567172?
True
Does 43 divide 15233438?
True
Is 120 a factor of 125809800?
True
Is 11161960 a multiple of 40?
True
Does 16 divide 962168992?
True
Does 8 divide 5191327?
False
Does 900 divide 133983000?
True
Is 23254296 a multiple of 13?
True
Is 16363010 a multiple of 505?
True
Is 3082150 a multiple of 260?
False
Is 89 a factor of 226135472?
True
Is 1658301811 a multiple of 37?
False
Is 1518 a factor of 3969378673?
False
Does 114 divide 712703728?
False
Is 310 a factor of 460949230?
True
Is 13848342 a multiple of 183?
True
Is 99876528 a multiple of 18?
True
Is 86974045 a multiple of 29?
True
Does 10 divide 20251469?
False
Is 46183068 a multiple of 7?
False
Is 1992 a factor of 4101528?
True
Is 535791937 a multiple of 7132?
False
Is 131426084 a multiple of 1676?
False
Does 870 divide 239261426?
False
Is 1226 a factor of 29721918?
True
Does 23 divide 75960743?
True
Is 15 a factor of 390697550?
False
Does 3 divide 1433388?
True
Does 67 divide 19670664?
True
Does 157 divide 447935570?
False
Does 1942 divide 205253864?
True
Is 615439965 a multiple of 4585?
True
Is 36056145 a multiple of 174?
False
Does 89 divide 402239177?
False
Does 2140 divide 369672104?
False
Is 4709450082 a multiple of 179?
False
Does 3975 divide 805775208?
False
Does 125 divide 236929826?
False
Does 15 divide 12451405?
False
Is 8 a factor of 157628384?
True
Is 105 a factor of 38719376?
False
Does 10 divide 144620740?
True
Is 12809890 a multiple of 68?
False
Is 16 a factor of 4341694190?
False
Does 11 divide 531110220?
False
Does 1137 divide 16250979?
False
Is 17 a factor of 48063329?
False
Is 148334731 a multiple of 8?
False
Is 3 a factor of 4551976?
False
Is 873547610 a multiple of 166?
True
Does 44 divide 87736359?
False
Does 4648 divide 480091920?
True
Is 38 a factor of 50635580?
False
Is 148947557 a multiple of 61?
False
Is 43201665 a multiple of 65?
True
Does 581 divide 893439141?
True
Is 276293875 a multiple of 4901?
True
Does 58 divide 44538556?
False
Is 1996 a factor of 44855718?
False
Does 18 divide 479426238?
True
Is 169 a factor of 121549963?
False
Does 6 divide 34964857?
False
Does 13 divide 27690819?
True
Does 87 divide 6714865?
False
Is 141465368 a multiple of 8?
True
Does 2685 divide 262434894?
False
Does 30 divide 152045509?
False
Is 1033 a factor of 24286863?
True
Is 57841797 a multiple of 223?
False
Is 415 a factor of 35438184?
False
Is 263 a factor of 17653875?
True
Is 145445772 a multiple of 1051?
False
Is 21 a factor of 53386521?
False
Does 816 divide 800107584?
True
Does 374 divide 9708327?
False
Is 126921082 a multiple of 17?
True
Does 2284 divide 17031788?
True
Is 14575899 a multiple of 174?
False
Is 67401776 a multiple of 949?
True
Does 3 divide 12547919?
False
Is 24949088 a multiple of 32?
True
Is 18330845 a multiple of 13?
True
Is 96713131 a multiple of 5?
False
Is 37 a factor of 59362945?
False
Does 6 divide 2429712?
True
Is 137026763 a multiple of 233?
False
Is 59 a factor of 66649773?
False
Is 135 a factor of 35616645?
True
Is 874 a factor of 669928866?
True
Is 61 a factor of 2846080707?
False
Does 6 divide 25223687?
False
Is 5549 a factor of 560032374?
False
Does 72 divide 24587386?
False
Does 64 divide 709292736?
True
Is 1270585008 a multiple of 378?
True
Is 1019 a factor of 59887258?
False
Does 3507 divide 113665333?
False
Does 56 divide 129931088?
True
Is 10 a factor of 368297736?
False
Is 73 a factor of 7417464313?
False
Does 18 divide 7274376?
True
Is 1324130416 a multiple of 244?
True
Does 2375 divide 3443058801?
False
Is 19 a factor of 9873421?
False
Is 101089696 a multiple of 1112?
True
Is 172 a factor of 101219632?
False
Is 266 a factor of 1910186978?
False
Does 335 divide 41272575?
False
Does 528 divide 58302816?
True
Is 6010 a factor of 180529462?
False
Does 32 divide 170548749?
False
Is 11 a factor of 987176069?
True
Is 2598 a factor of 110004516?
True
Does 4337 divide 125006836?
False
Is 23 a factor of 145096788?
True
Is 4136365 a multiple of 44?
False
Is 101604195 a multiple of 3465?
True
Does 4802 divide 761851706?
True
Is 9053973 a multiple of 125?
False
Is 138853987 a multiple of 167?
True
Is 385 a factor of 1610838075?
True
Is 90 a factor of 19392671?
False
Is 574463684 a multiple of 1991?
False
Is 69 a factor of 43345197?
False
Does 13 divide 3014433402?
False
Is 425023505 a multiple of 4283?
True
Is 1045364722 a multiple of 9?
False
Does 149 divide 3308080?
False
Is 356 a factor of 39825441?
False
Is 155779417 a multiple of 32?
False
Is 2033720613 a multiple of 11457?
True
Does 11 divide 9530185?
False
Is 3268775392 a multiple of 3603?
False
Is 9 a factor of 1705308882?
False
Does 7033 divide 977558868?
True
Is 7156 a factor of 2699837148?
True
Is 59833794 a multiple of 1461?
True
Does 39 divide 44941666?
False
Is 72 a factor of 269209129?
False
Does 37 divide 127967709?
False
Is 132545493 a multiple of 558?
False
Is 4 a factor of 345964?
True
Does 127 divide 795005621?
False
Is 12 a factor of 431126599?
False
Is 368032070 a multiple of 35?
True
Is 9 a factor of 74712448?
False
Is 248607081 a multiple of 30?
False
Is 33 a factor of 414823073?
False
Is 83002348 a multiple of 22?
True
Does 751 divide 336495313?
True
Is 48470911 a multiple of 3265?
False
Is 2144661792 a multiple of 28?
True
Is 22 a factor of 13604514?
True
Does 212 divide 5432416?
False
Is 111374291 a multiple of 8?
False
Does 366 divide 1128011268?
True
Is 2699 a factor of 418023819?
True
Is 39 a factor of 3482079422?
False
Is 13119580 a multiple of 340?
True
Is 11364095 a multiple of 8?
False
Is 18 a factor of 53518734?
True
Is 262964475 a multiple of 27?
True
Does 820 divide 21052338?
False
Is 1016007 a multiple of 4?
False
Is 65555933 a multiple of 5?
False
Does 15 divide 55118048?
False
Does 17 divide 2859311861?
False
Is 11895380 a multiple of 2600?
False
Is 5 a factor of 1675500961?
False
Does 137 divide 126126995?
True
Does 131 divide 28313161?
True
Does 1084 divide 331763623?
False
Does 2129 divide 1248967127?
False
Does 16 divide 590987104?
True
Is 514949952 a multiple of 44?
True
Is 47 a factor of 275272513?
False
Does 593 divide 14749689?
True
Is 71108842 a multiple of 43?
True
Is 28 a factor of 37359028?
True
Is 50218920 a multiple of 38?
False
Is 29 a factor of 1942488989?
False
Is 15 a factor of 44335125?
True
Is 16 a factor of 90355776?
True
Is 37442484 a multiple of 1579?
False
Is 8481452 a mul